3
What is the ten thousands digit of 118955?
1
What is the units digit of 89901?
1
What is the units digit of 191897?
7
What is the hundreds digit of 395016?
0
What is the millions digit of 2827210?
2
What is the tens digit of 19029247?
4
What is the units digit of 32044?
4
What is the units digit of 1003858?
8
What is the thousands digit of 1248116?
8
What is the ten thousands digit of 378861?
7
What is the hundreds digit of 479721?
7
What is the hundred thousands digit of 286978?
2
What is the tens digit of 390477?
7
What is the tens digit of 54284?
8
What is the tens digit of 109418?
1
What is the ten millions digit of 12554789?
1
What is the thousands digit of 62686?
2
What is the hundreds digit of 3639137?
1
What is the units digit of 6381482?
2
What is the units digit of 102524?
4
What is the millions digit of 4329533?
4
What is the tens digit of 2521648?
4
What is the millions digit of 1763037?
1
What is the hundreds digit of 503136?
1
What is the ten thousands digit of 350754?
5
What is the hundreds digit of 1248790?
7
What is the hundred thousands digit of 1305034?
3
What is the units digit of 12770183?
3
What is the thousands digit of 1729166?
9
What is the ten thousands digit of 2293671?
9
What is the units digit of 11351348?
8
What is the ten thousands digit of 114355?
1
What is the thousands digit of 1042875?
2
What is the thousands digit of 12486164?
6
What is the units digit of 1808507?
7
What is the ten thousands digit of 1052401?
5
What is the ten millions digit of 15106831?
1
What is the hundreds digit of 8405?
4
What is the thousands digit of 276600?
6
What is the ten thousands digit of 1234732?
3
What is the tens digit of 142775?
7
What is the thousands digit of 15521?
5
What is the tens digit of 778035?
3
What is the units digit of 5227766?
6
What is the units digit of 174468?
8
What is the units digit of 2487688?
8
What is the units digit of 1953244?
4
What is the hundred thousands digit of 6142786?
1
What is the units digit of 1089549?
9
What is the units digit of 292233?
3
What is the hundred thousands digit of 118909?
1
What is the hundred thousands digit of 33003252?
0
What is the hundreds digit of 1797726?
7
What is the hundred thousands digit of 2043228?
0
What is the hundreds digit of 73786?
7
What is the hundreds digit of 1225856?
8
What is the thousands digit of 364060?
4
What is the thousands digit of 3134255?
4
What is the ten thousands digit of 960151?
6
What is the tens digit of 3537324?
2
What is the hundreds digit of 3074038?
0
What is the hundred thousands digit of 154576?
1
What is the hundred thousands digit of 187513?
1
What is the hundreds digit of 38458?
4
What is the tens digit of 5465658?
5
What is the ten thousands digit of 3251993?
5
What is the hundreds digit of 37491?
4
What is the units digit of 20794286?
6
What is the hundreds digit of 62685?
6
What is the units digit of 55164?
4
What is the hundreds digit of 1432463?
4
What is the thousands digit of 131244?
1
What is the thousands digit of 300203?
0
What is the ten thousands digit of 3359752?
5
What is the hundred thousands digit of 7483459?
4
What is the hundred thousands digit of 1174120?
1
What is the units digit of 1585074?
4
What is the hundreds digit of 13894353?
3
What is the thousands digit of 1215998?
5
What is the thousands digit of 575193?
5
What is the ten thousands digit of 1238414?
3
What is the ten thousands digit of 12238?
1
What is the ten thousands digit of 19833?
1
What is the hundreds digit of 262998?
9
What is the hundred thousands digit of 228747?
2
What is the units digit of 425253?
3
What is the units digit of 9045639?
9
What is the millions digit of 3469139?
3
What is the units digit of 135164?
4
What is the hundreds digit of 10999640?
6
What is the ten thousands digit of 4832394?
3
What is the thousands digit of 233569?
3
What is the hundred thousands digit of 218745?
2
What is the hundreds digit of 27733834?
8
What is the hundred thousands digit of 266064?
2
What is the units digit of 17443534?
4
What is the thousands digit of 162927?
2
What is the hundred thousands digit of 10041662?
0
What is the tens digit of 1395892?
9
What is the units digit of 11065335?
5
What is the ten thousands digit of 5041522?
4
What is the millions digit of 12487427?
2
What is the units digit of 4582298?
8
What is the units digit of 215454?
4
What is the hundreds digit of 6370236?
2
What is the tens digit of 261753?
5
What is the tens digit of 9011186?
8
What is the thousands digit of 20837810?
7
What is the hundreds digit of 418280?
2
What is the ten millions digit of 10653102?
1
What is the units digit of 6327726?
6
What is the units digit of 341043?
3
What is the thousands digit of 29026?
9
What is the thousands digit of 213284?
3
What is the thousands digit of 280839?
0
What is the hundreds digit of 4888325?
3
What is the units digit of 20547?
7
What is the thousands digit of 11712192?
2
What is the units digit of 1879183?
3
What is the hundreds digit of 161497?
4
What is the units digit of 1698717?
7
What is the thousands digit of 24925?
4
What is the ten thousands digit of 147289?
4
What is the ten thousands digit of 383373?
8
What is the thousands digit of 414825?
4
What is the hundreds digit of 4709487?
4
What is the units digit of 32680?
0
What is the tens digit of 1129902?
0
What is the thousands digit of 443284?
3
What is the hundred thousands digit of 132160?
1
What is the hundred thousands digit of 171239?
1
What is the hundreds digit of 32226868?
8
What is the tens digit of 189023?
2
What is the hundreds digit of 1551103?
1
What is the ten thousands digit of 2969832?
6
What is the tens digit of 15674535?
3
What is the hundred thousands digit of 752013?
7
What is the units digit of 51948?
8
What is the tens digit of 14687568?
6
What is the millions digit of 1024819?
1
What is the ten thousands digit of 61908?
6
What is the hundreds digit of 461999?
9
What is the hundred thousands digit of 1129305?
1
What is the ten thousands digit of 3685595?
8
What is the ten thousands digit of 4765336?
6
What is the units digit of 2409978?
8
What is the units digit of 5723894?
4
What is the units digit of 4571976?
6
What is the units digit of 2979310?
0
What is the units digit of 10043700?
0
What is the hundred thousands digit of 3447451?
4
What is the tens digit of 478614?
1
What is the tens digit of 5047796?
9
What is the hundred thousands digit of 448873?
4
What is the thousands digit of 7158963?
8
What is the tens digit of 1539793?
9
What is the units digit of 231853?
3
What is the hundred thousands digit of 2057758?
0
What is the tens digit of 6679660?
6
What is the thousands digit of 1550681?
0
What is the hundreds digit of 2160491?
4
What is the ten millions digit of 21545196?
2
What is the hundred thousands digit of 5328996?
3
What is the hundred thousands digit of 559713?
5
What is the tens digit of 47032?
3
What is the thousands digit of 972418?
2
What is the hundreds digit of 28530279?
2
What is the hundreds digit of 546389?
3
What is the hundreds digit of 1165134?
1
What is the units digit of 321242?
2
What is the hundreds digit of 20704385?
3
What is the hundreds digit of 3294537?
5
What is the ten thousands digit of 348233?
4
What is the hundred thousands digit of 109188?
1
What is the ten thousands digit of 302223?
0
What is the tens digit of 386417?
1
What is the ten thousands digit of 3768905?
6
What is the hundreds digit of 24052184?
1
What is the thousands digit of 17148615?
8
What is the tens digit of 4302528?
2
What is the thousands digit of 9515903?
5
What is the millions digit of 3050453?
3
What is the thousands digit of 6094416?
4
What is the hundreds digit of 2243504?
5
What is the hundred thousands digit of 2632872?
6
What is the tens digit of 185881?
8
What is the ten thousands digit of 826919?
2
What is the tens digit of 888440?
4
What is the units digit of 10536317?
7
What is the ten thousands digit of 7112861?
1
What is the hundreds digit of 10294081?
0
What is the ten thousands digit of 6488227?
8
What is the hundred thousands digit of 1813225?
8
What is the hundreds digit of 1731076?
0
What is the millions digit of 1418040?
1
What is the thousands digit of 8914078?
4
What is the ten thousands digit of 2